+ 9. Let l = -25 + 25. Calculate the remainder when p(l) is divided by 3.
0
Let j(c) be the third derivative of c**5/60 + c**4/4 + 2*c**3/3 - c**2. Let x be j(-6). Let k = 1 + x. Calculate the remainder when k is divided by 3.
2
Let n(u) = u**2 + 6*u + 23. Calculate the remainder when n(-14) is divided by 28.
23
Let f(n) = -n**3 + 8*n**2 - 11*n - 6. Suppose -18 - 14 = -4*b. Let v = 59 + b. Calculate the remainder when v is divided by f(5).
11
Let t = 377 - 223. What is the remainder when t is divided by 53?
48
Suppose 160 = 5*t - 70. Let v = 73 - t. Suppose -5 - 6 = -m - 4*a, 0 = 4*m - a - v. Calculate the remainder when 12 is divided by m.
5
Let f be 3/(-6) - (-1474)/(-4). Let i = 544 + f. Let u = -148 + 192. Calculate the remainder when i is divided by u.
43
Let x(j) = -j**3 - j**2 - j + 2. Let c be x(0). Let g be (-39 - -7)*c/(-4). What is the remainder when -3*g/(-6) - -1 is divided by 4?
1
Let i = 233 - 226. Calculate the remainder when i is divided by 4.
3
Suppose 0 = -m - 0*m + 146. Suppose 22*k + 0 = 462. Calculate the remainder when m is divided by k.
20
Let k = -73 + 107. Let p(v) = 2*v**3 - v**2 + v + 4. Let f be p(-2). Calculate the remainder when k is divided by f/(1/(-4)*6).
10
Let z(a) = a - 7. Let v(i) = i**3 + 5*i**2 - 5. Let u be v(-5). Let k be z(u). Let l = -5 - k. What is the remainder when 27 is divided by l?
6
Let c = 49 - 40. Suppose -c*m = -2*m - 28. What is the remainder when -1*10*(-2)/4 is divided by m?
1
Let l be ((0 - -2) + -5)/((-6)/12). Suppose -l*p = -11*p + 10. What is the remainder when 7 is divided by p?
1
Let v = 14 + -11. Let g(z) = -4 - v*z + 0*z - 2*z. What is the remainder when g(-5) is divided by 12?
9
Let r = 1854 - 1846. Calculate the remainder when 28 is divided by r.
4
Suppose 38 = -2*n + 4*l, 2*n + 10 = l - 16. Let j = 69 + n. Calculate the remainder when j is divided by 20.
18
Suppose t = -v + 44, 5*v = 5*t - 4*t - 26. What is the remainder when 60 is divided by t?
19
Suppose 0 = -11*p + 226 + 137. What is the remainder when 292 is divided by p?
28
Suppose 2*c + 5*p + 0 = 4, 0 = c + p - 2. Let j = c - -38. Calculate the remainder when j is divided by (-582)/(-42) - 2/(-14).
12
Suppose -1826*y = -1824*y - 164. What is the remainder when 231 is divided by y?
67
Suppose 3*u + 2*p - 305 = 0, 0*p = 4*u - 4*p - 440. Suppose 20*w - 15*w - u = 0. Calculate the remainder when w is divided by 3.
0
Let h = -77 + 114. Let m(v) = -3*v + 3. Let n be m(3). Let r(w) = -w**3 - 4*w**2 + 8*w - 4. Calculate the remainder when h is divided by r(n).
17
Suppose 3*d = 4*f + 8*d - 190, f = 2*d + 54. Calculate the remainder when f is divided by -3 + 0 - (3 + -4)*16.
11
Let i = 98 + -97. Calculate the remainder when (18/45)/(i - (-248)/(-250)) is divided by 18.
14
Suppose -w = w + 24. Calculate the remainder when ((-8)/w)/(4/294) is divided by 13.
10
Let h be 0 - (-70 - (-3)/(-3)). Suppose -3*l + 4*l - h = 0. Suppose 0 = 3*w + i - l, 4*i - 104 = -3*w - 27. What is the remainder when w is divided by 12?
11
Let u = -286 + 331. Calculate the remainder when 266 is divided by u.
41
Let f = 527 + -485. Calculate the remainder when 628 is divided by f.
40
Let n be ((-8)/(-10))/(2/5). Let o = 3 - n. What is the remainder when 11 is divided by o/3 + (-68)/(-12)?
5
Let o(y) = y**3 + 13*y**2 + y + 19. Suppose -5*p + 4*t = 57, -2*t - 32 = 2*p + t. Calculate the remainder when 1/(-2)*(-35 + 1) is divided by o(p).
5
Let a = -1095 + 1294. What is the remainder when a is divided by 46?
15
Let x(l) = 2*l + 372. What is the remainder when x(-53) is divided by 39?
32
Let z = 126 + -7. Calculate the remainder when z is divided by 24.
23
Suppose 20*w = 7*w + 8749. Calculate the remainder when w is divided by 75.
73
Let n = 7 - -2. Calculate the remainder when -2 - -12 - (2 + -1) is divided by 1*(-4)/(-6)*n.
3
Let l = 34 + -20. Suppose 3*a = -5*n + 4, -9 = -3*a - n - 1. Suppose f + a*f - 160 = 0. Calculate the remainder when f is divided by l.
12
Suppose 58*v - 51*v = 49. Calculate the remainder when 312 is divided by v.
4
Suppose -3*d + 167 = -u, -d + 5*u + 96 = 45. Calculate the remainder when d is divided by 22.
12
Let v(y) = 6*y**2 - 2*y + 2. Let d be v(3). Let b = -71 + 206. Let w = b - d. Calculate the remainder when w is divided by 22.
19
Let r(c) = -c**3 - 7*c**2 - 7*c + 3. Calculate the remainder when 85 is divided by r(-6).
4
Suppose 107 = 7*i - 19. What is the remainder when 124 is divided by i?
16
Suppose 0 = -84*j + 5*j + 2370. What is the remainder when 82 is divided by j?
22
Let i be -9*(0/3 - 1). Let o = -7 + i. What is the remainder when 6 is divided by o?
0
Suppose 0 = 7*t - 23 - 40. Calculate the remainder when 43 is divided by t.
7
Let v = 431 - 376. What is the remainder when 209 is divided by v?
44
Let g(r) = -2*r + 5 + r**3 - 2*r**2 - 3 - 2 - 2. What is the remainder when g(3) is divided by 1?
0
Let a be (-12)/(-30) + (-128)/(-5). Let b = a + -10. Calculate the remainder when b is divided by 5.
1
Let s(w) = 2*w + 2. Let l be s(-18). Let z = l - -55. What is the remainder when z is divided by 8?
5
Let u = 6 + 0. Suppose 0 = 4*d - p + 84, -d + 74 = -4*d - 2*p. Let m = -12 - d. Calculate the remainder when m is divided by u.
4
Let j = 480 - 445. What is the remainder when 383 is divided by j?
33
Suppose -3*a = -k - 6*a - 3, -3*k = a + 1. Suppose 2*z = -k*t - 3*t + 18, 3*t = 2*z + 6. Suppose 0 = 5*g + 7 - 22. What is the remainder when g is divided by z?
0
Suppose -2*o + 1 = -1. Let k be (0 - 6/o)*-1. Suppose k*n - 32 = 2*n. What is the remainder when n is divided by 3?
2
Let m(t) = -t**3 - 15*t**2 - 17*t - 36. Calculate the remainder when m(-15) is divided by 28.
23
Let w = -112 + 229. Let b be -2*(-4 - -8 - 178/4). Suppose 2*l - b = -21. Calculate the remainder when w is divided by l.
27
Let z(k) = -88 + 72 - 3*k + 10*k. What is the remainder when z(11) is divided by 32?
29
Let z(u) = -1 + 3 + 4*u + u**3 + 0*u + 7*u**2 - 1. Let i(t) = 9*t. What is the remainder when i(7) is divided by z(-4)?
30
Suppose -4*l + 5 = 37. Let z be (-48)/(-10) - l/40. Suppose -z*f + 88 = -f. Calculate the remainder when f is divided by 12.
10
Let g = 1010 + -1003. What is the remainder when 11 is divided by g?
4
What is the remainder when 223 is divided by 8/5*(15 - 8 - -13)?
31
Suppose 6*z + 8*z - 308 = 0. Calculate the remainder when 64 is divided by z.
20
Let v = -221 - -259. Calculate the remainder when 179 is divided by v.
27
Let j = 23 + -29. Let k be (j + -6)*3/(-9). Suppose 0 = 3*r - k*r + 4, -169 = -3*o - 4*r. Calculate the remainder when o is divided by 27.
24
Let n = -623 - -703. Calculate the remainder when n is divided by 39.
2
Suppose -2*f + 52 = -0*f - 4*d, 4*f + 5*d = 91. Calculate the remainder when 236 is divided by f.
20
Let v(w) = -w - 2. Let l be v(-2). Suppose -1 = 2*b + 39. What is the remainder when -2 - ((l - -1) + b) is divided by 6?
5
Let g = -123 + 134. Calculate the remainder when 47 is divided by g.
3
Let j(l) = -l**3 + 8*l**2 - 6*l - 7. Let t(w) = -w - 6. Let h be t(-12). Calculate the remainder when j(h) is divided by 16.
13
Let r = 84 - 39. Let b = 1 + -3. Calculate the remainder when r is divided by 20 - (b - (3 + -2)).
22
Let p = 9 + -5. What is the remainder when 29/2 + 8 + 75/(-10) is divided by p?
3
Let l = -45 - -69. Let t = l - 24. Suppose 7*j - 21 - 35 = t. Calculate the remainder when 15 is divided by j.
7
Suppose -3*w + 226 = -q, 3*w - 3*q - 194 = 40. Calculate the remainder when w is divided by 15.
14
Suppose 0 = -3*v - 3*f + 243, 5*f + 169 = -v + 3*v. Calculate the remainder when v is divided by 36.
10
Let q(g) = g**2 - 4*g - 212. Calculate the remainder when q(-23) is divided by 103.
100
Suppose -5*o + 2*o - 2*y = -50, 5*y = o - 45. What is the remainder when 359 is divided by o?
19
Let j = 46 - 35. Let m = 45 - j. What is the remainder when m is divided by 9?
7
Suppose -22*d - 490 = -29*d. What is the remainder when 557 is divided by d?
67
Let w be -96*(8/12 - 2). Let g = w + -79. Suppose -3*u - g = -2*j - 2*j, j - u - 12 = 0. Calculate the remainder when j is divided by 5.
3
Suppose -51*y + 8*y = -1634. What is the remainder when 108 is divided by y?
32
Let p be (-4)/(-26) - (-228)/(-104)*-98. Let o = p + -108. What is the remainder when o is divided by 11?
8
Suppose 4*k + 570 = -2*k. What is t